 divided by 11.
4
Calculate the remainder when 2237 is divided by 20.
17
Calculate the remainder when 9971 is divided by 105.
101
What is the remainder when 41 is divided by 41?
0
Calculate the remainder when 22099 is divided by 325.
324
What is the remainder when 4012 is divided by 268?
260
Calculate the remainder when 230 is divided by 91.
48
What is the remainder when 964 is divided by 320?
4
Calculate the remainder when 268 is divided by 18.
16
Calculate the remainder when 401 is divided by 154.
93
Calculate the remainder when 386 is divided by 93.
14
What is the remainder when 1731 is divided by 860?
11
Calculate the remainder when 88 is divided by 16.
8
What is the remainder when 696 is divided by 189?
129
What is the remainder when 379 is divided by 96?
91
Calculate the remainder when 7357 is divided by 33.
31
Calculate the remainder when 190 is divided by 49.
43
Calculate the remainder when 1364 is divided by 105.
104
Calculate the remainder when 86 is divided by 33.
20
What is the remainder when 1384 is divided by 99?
97
What is the remainder when 5885 is divided by 46?
43
What is the remainder when 59 is divided by 7?
3
What is the remainder when 495 is divided by 166?
163
Calculate the remainder when 362 is divided by 31.
21
What is the remainder when 255 is divided by 53?
43
What is the remainder when 717 is divided by 9?
6
Calculate the remainder when 173 is divided by 53.
14
Calculate the remainder when 983 is divided by 171.
128
Calculate the remainder when 152 is divided by 49.
5
Calculate the remainder when 144 is divided by 72.
0
What is the remainder when 616 is divided by 16?
8
Calculate the remainder when 258 is divided by 3.
0
Calculate the remainder when 256 is divided by 86.
84
Calculate the remainder when 285 is divided by 6.
3
Calculate the remainder when 2325 is divided by 4.
1
Calculate the remainder when 177 is divided by 36.
33
Calculate the remainder when 127 is divided by 33.
28
Calculate the remainder when 1808 is divided by 151.
147
What is the remainder when 7323 is divided by 74?
71
What is the remainder when 281 is divided by 99?
83
Calculate the remainder when 598 is divided by 40.
38
Calculate the remainder when 2084 is divided by 29.
25
Calculate the remainder when 199 is divided by 26.
17
What is the remainder when 21 is divided by 13?
8
What is the remainder when 2598 is divided by 113?
112
What is the remainder when 37 is divided by 29?
8
What is the remainder when 70 is divided by 15?
10
What is the remainder when 1552 is divided by 193?
8
Calculate the remainder when 9 is divided by 3.
0
Calculate the remainder when 121 is divided by 5.
1
What is the remainder when 67 is divided by 34?
33
Calculate the remainder when 64 is divided by 21.
1
What is the remainder when 41326 is divided by 41?
39
Calculate the remainder when 12 is divided by 4.
0
What is the remainder when 190 is divided by 32?
30
What is the remainder when 156 is divided by 74?
8
What is the remainder when 293 is divided by 5?
3
What is the remainder when 2188 is divided by 723?
19
Calculate the remainder when 196 is divided by 115.
81
What is the remainder when 273 is divided by 23?
20
What is the remainder when 176 is divided by 59?
58
What is the remainder when 107 is divided by 55?
52
What is the remainder when 32 is divided by 6?
2
What is the remainder when 6562 is divided by 126?
10
Calculate the remainder when 1042 is divided by 505.
32
What is the remainder when 9962 is divided by 3314?
20
Calculate the remainder when 146 is divided by 49.
48
What is the remainder when 1442 is divided by 36?
2
Calculate the remainder when 676 is divided by 161.
32
What is the remainder when 119 is divided by 59?
1
What is the remainder when 364 is divided by 52?
0
Calculate the remainder when 58 is divided by 20.
18
Calculate the remainder when 492 is divided by 483.
9
Calculate the remainder when 636 is divided by 152.
28
Calculate the remainder when 11 is divided by 1.
0
Calculate the remainder when 1315 is divided by 49.
41
What is the remainder when 243 is divided by 58?
11
Calculate the remainder when 119 is divided by 58.
3
Calculate the remainder when 83 is divided by 80.
3
Calculate the remainder when 273 is divided by 105.
63
Calculate the remainder when 1522 is divided by 445.
187
Calculate the remainder when 689 is divided by 148.
97
What is the remainder when 13338 is divided by 20?
18
What is the remainder when 87 is divided by 79?
8
Calculate the remainder when 247 is divided by 35.
2
What is the remainder when 16 is divided by 6?
4
Calculate the remainder when 9787 is divided by 144.
139
Calculate the remainder when 430 is divided by 101.
26
What is the remainder when 170 is divided by 71?
28
Calculate the remainder when 6855 is divided by 18.
15
Calculate the remainder when 1816 is divided by 130.
126
What is the remainder when 495 is divided by 24?
15
What is the remainder when 5582 is divided by 16?
14
What is the remainder when 22 is divided by 13?
9
Calculate the remainder when 271 is divided by 38.
5
Calculate the remainder when 13410 is divided by 28.
26
Calculate the remainder when 10021 is divided by 14.
11
What is the remainder when 179 is divided by 12?
11
Calculate the remainder when 141 is divided by 45.
6
What is the remainder when 5352 is divided by 35?
32
Calculate the remainder when 90 is divided by 72.
18
What is the remainder when 2589 is divided by 162?
159
Calculate the remainder when 866 is divided by 196.
82
What is the remainder when 142 is divided by 17?
6
What is the remainder when 1230 is divided by 267?
162
Calculate the remainder when 605 is divided by 61.
56
Calculate the remainder when 6937 is divided by 239.
6
What is the remainder when 174 is divided by 18?
12
Calculate the remainder when 136 is divided by 37.
25
Calculate the remainder when 9939 is divided by 142.
141
What is the remainder when 286 is divided by 37?
27
What is the remainder when 1157 is divided by 97?
90
What is the remainder when 640 is divided by 43?
38
What is the remainder when 124 is divided by 16?
12
What is the remainder when 616 is divided by 124?
120
What is the remainder when 592 is divided by 35?
32
What is the remainder when 144 is divided by 30?
24
What is the remainder when 2998 is divided by 8?
6
What is the remainder when 188 is divided by 50?
38
Calculate the remainder when 134 is divided by 9.
8
What is the remainder when 79 is divided by 47?
32
What is the remainder when 3724 is divided by 46?
44
Calculate the remainder when 4926 is divided by 215.
196
Calculate the remainder when 429 is divided by 72.
69
What is the remainder when 40 is divided by 21?
19
What is the remainder when 341 is divided by 57?
56
Calculate the remainder when 27 is divided by 2.
1
What is the remainder when 192 is divided by 15?
12
Calculate the remainder when 5511 is divided by 37.
35
What is the remainder when 118 is divided by 4?
2
Calculate the remainder when 3208 is divided by 189.
184
Calculate the remainder when 41 is divided by 17.
7
Calculate the remainder when 445 is divided by 45.
40
What is the remainder when 1854 is divided by 614?
12
What is the remainder when 1643 is divided by 59?
50
Calculate the remainder when 249 is divided by 101.
47
What is the remainder when 2645 is divided by 780?
305
What is the remainder when 6293 is divided by 4?
1
Calculate the remainder when 2621 is divided by 35.
31
What is the remainder when 229 is divided by 203?
26
Calculate the remainder when 180 is divided by 37.
32
Calculate the remainder when 4318 is divided by 39.
28
Calculate the remainder when 2500 is divided by 96.
4
Calculate the remainder when 154 is divided by 68.
18
What is the remainder when 189 is divided by 58?
15
What is the remainder when 2415 is divided by 1200?
15
Calculate the remainder when 1403 is divided by 74.
71
Calculate the remainder when 1526 is divided by 19.
6
Calculate the remainder when 595 is divided by 292.
11
Calculate the remainder when 3489 is divided by 580.
9
What is the remainder when 27 is divided by 16?
11
What is the remainder when 304 is divided by 121?
62
What is the remainder when 933 is divided by 134?
129
Calculate the remainder when 146 is divided by 37.
35
Calculate the remainder wh